2)/7 + 12/(-7). Let b(z) = z**2 + 5*z - 4. Let i be b(-6). Let h(d) = -i - 4*d**2 + 3*d**2 + 0. What is h(k)?
-6
Suppose -5*n + 3*n - 4 = 0. Let m be 4/(-5)*(-5)/2. Let k(c) = -c**2 + 2 + 0*c**2 + 3*c**m + c**3. What is k(n)?
2
Let f(c) = c - c**2 + 6*c + 7 + c - 5*c. Give f(6).
-11
Let t(k) be the first derivative of k**4/4 - 5*k**3/3 - 7*k**2/2 + 3*k - 6. Suppose 9*o - 7*o - 12 = 0. What is t(o)?
-3
Suppose -3*r + 0 = -6. Suppose r*d + 0*w = w + 1, d = 4*w + 18. Let x(s) be the second derivative of -s**3/3 - s**2/2 - 2*s. Determine x(d).
3
Let c(v) = -v**2 - 3*v. Let x be c(-3). Let d(l) = l - 6. Give d(x).
-6
Let f(w) be the third derivative of -19*w**4/24 + 19*w**2. What is f(1)?
-19
Let k(u) = u + 3. Suppose -2*c + 20 = 5*r, -4*r = -8*r - 5*c + 16. What is k(r)?
7
Suppose 2*l - 24 = -0*l. Suppose 2*c + l = -2*c. Let u(i) = 2*i + 2. Determine u(c).
-4
Let h(r) = r**3 - 9*r**2 + r - 13. Suppose -5*p - 65 = -5*f, -f + 0*f - 5*p - 11 = 0. Determine h(f).
-4
Let t(r) = -r**2 - 7*r + 10. Let x be t(-8). Let i(q) be the second derivative of 1/2*q**x - q + 0 - 1/4*q**4 + 0*q**3. Give i(1).
-2
Let a(q) be the first derivative of q**2/2 + 5*q + 5. What is a(0)?
5
Let f(r) = -r**3 + 2*r**2 + r + 2. Let m(w) = w**3 - 5*w**2 - 6*w + 3. Let c be m(6). What is f(c)?
-4
Suppose 3 = -3*q - 3*h, -3*h - 15 = -2*q + 3. Suppose u + 2*u - q*g = 9, -u - 3*g + 23 = 0. Let v = u - 2. Let b(x) = x**3 - 5*x**2 - 6*x + 3. What is b(v)?
3
Let w(k) = 2*k + 21. Let v be w(-10). Let u(p) = -p - v + 66*p**2 + 0 + 2*p - 67*p**2. Give u(-2).
-7
Suppose 0 = -f - f - 8. Let d(z) be the third derivative of -1/24*z**4 - 1/15*z**5 + 0 - z**2 - 1/120*z**6 + 0*z + 2/3*z**3. What is d(f)?
8
Let k(u) be the second derivative of -u**3/2 - u**2 + 40*u. Give k(4).
-14
Let y = -40 - -43. Let x(s) = -2*s + 1. Determine x(y).
-5
Let z be (-4 - 1*-6)*2. Let j(l) = -4*l + 5. Determine j(z).
-11
Let j(s) = 12*s - 9*s - 4*s - 8. Determine j(-4).
-4
Let a(v) = 3*v - 16. Let k(z) = -6*z + 31. Let l(t) = -5*a(t) - 3*k(t). Determine l(6).
5
Let a = -2 - -3. Let u(x) = 4*x + 2*x**2 - 4*x**2 + x**3 - 8*x + a. Suppose -8 = 11*c - 41. Calculate u(c).
-2
Let v(g) = g + 0 - 4 - 8 + 2. What is v(0)?
-10
Let r(j) = -j**3 + 5*j**2 + 4*j + 6. Suppose 4*k + 14 - 38 = 0. What is r(k)?
-6
Let z(j) = 3*j - 4. Let h(x) = -7*x + 9. Let c(o) = 2*h(o) + 5*z(o). Let w = 8 + -4. Let g be (-1 - 7/(-4))*w. Determine c(g).
1
Let f(g) be the third derivative of -g**4/12 - g**3 + 7*g**2. Determine f(-4).
2
Let l(i) = -3*i + 1. Let u(z) be the third derivative of z**4/6 - z**3/6 + 4*z**2. Let j(x) = 5*l(x) + 4*u(x). Give j(-3).
-2
Let y(k) = -7*k**3 - k**2 + k + 1. Let a be y(-1). Suppose 0*b = 4*l + 2*b + 20, 0 = 3*b + a. Let d(m) = -m**3 - 5*m**2 - 4*m + 2. Determine d(l).
2
Let g(v) be the second derivative of v**4/12 + v**3/2 - 3*v**2/2 + 2*v + 6. Determine g(-3).
-3
Suppose 4*u + 29 = -39. Let f = 30 + u. Suppose 5*p = p - 5*b + f, -5*p - 10 = b. Let l(x) = -2*x**2 - 4*x. Give l(p).
-6
Let r(h) = -h**3 - 3*h**3 - 3*h + 5*h**3 + h**2 + 4*h. Calculate r(0).
0
Let z(n) = -n**3 - 2*n**2 + 2*n - 2. Let q(h) = -h**3 + 4*h**2 - 3*h - 3. Let o be q(3). Determine z(o).
1
Let d be (-12)/3 + 9/3. Let s(g) = 5*g + 2*g - g. What is s(d)?
-6
Let p = -2 - -3. Let v(n) = p + 9 - 3 + n - 3*n. What is v(6)?
-5
Suppose 3*n - k + 2 = -24, 0 = 4*n + 3*k + 26. Let t(x) = -x**2 - 7*x + 1. Give t(n).
-7
Let u(x) be the third derivative of -x**6/360 - x**5/40 - x**4/6 - 3*x**3/2 + 3*x**2. Let g(r) be the first derivative of u(r). Calculate g(-4).
-8
Let w(z) = -z**2 - 4*z + 1. Let x be w(-2). Let u(g) = g - 3 + x*g + 3*g - g**2 - 4*g. What is u(3)?
3
Suppose 4*p + 4*y + 8 = 0, y = 5*p - 7 - 13. Suppose f - 6*f = v - 21, -4*v = -f. Let d(x) = -2 + 0*x + v + x. Give d(p).
2
Let p be 14 + -8 + (1 - -1). Let h(b) = b**3 - 8*b**2 + 2*b - 9. Determine h(p).
7
Let l(j) = -j**3 - 6*j**2 + 3. Let u be l(-6). Let d(c) = 3 + c**u - 1 + 0*c**3. What is d(0)?
2
Let h(x) = x - 2. Suppose -5*s + 40 = 5*m, 4*s = m - 0 + 17. Suppose 2*z - 28 = -2*z + 3*u, 5*z + m*u - 8 = 0. What is h(z)?
2
Let m(y) = -y**3 + y. Let p(o) = -2*o**3 + 5*o**2 + 9*o + 2. Let a(x) = -3*m(x) + p(x). Let g be a(-4). Let q(t) = -3*t - 3. Calculate q(g).
15
Let u = 3 + 1. Suppose -n - 3 = -z + 2, 5 = -n + u*z. Let d(k) = -k**2 - 7*k - 6. Give d(n).
4
Let p(n) = 3*n**3 + n**3 + n**3 - 4*n**3 - n. Suppose 0 = 5*j - 11 + 1. What is p(j)?
6
Let s be (-4)/(-3)*(-12)/(-8). Let w(g) = -g**2 - s - 6*g + 6 + 2*g**2. Calculate w(6).
4
Suppose 0 = -6*f + 2*f + 20. Let z(w) = w**3 + 3*w**2 - w + 4. Let s(y) = y**3 - y**2 + 1. Let k(b) = -2*s(b) + z(b). Determine k(f).
-3
Let p(w) = w**3 - 8*w**2 - 7*w - 29. Let g be p(9). Let c(u) = -u**3 - 12*u**2 - 10*u + 16. Give c(g).
5
Let r be -1*((-14)/1)/2. Let a be 4/14 + 5/r. Let s(g) = -4*g + a + 4*g - g. Calculate s(2).
-1
Let h(j) = 177*j**3 + 2*j**2 + 5*j + 2 - 176*j**3 - 3*j. Determine h(-3).
-13
Let n(k) be the first derivative of 8*k**3/3 + k + 8. Calculate n(-1).
9
Let n(d) = d**3 - d**2 + 14. Let a be (-1 - -6)*48/(-15). Let i = a - -16. Calculate n(i).
14
Let r(d) be the second derivative of 7*d**3/6 + d**2/2 - 2*d. Let p = 1 + 0. Calculate r(p).
8
Let x(i) be the second derivative of i**3/2 + i**2 - 7*i. Determine x(2).
8
Let d(s) be the first derivative of -2*s**3/3 + s**2/2 - 2. Let c be -2 - -1 - 0 - -3. Suppose 1 = -c*h + 3. Give d(h).
-1
Let g(l) = -2*l**3 - 3*l**2. Suppose 2*v = 6*v + 40. Let p = 15 + v. Suppose p*d + 16 = 2*b, -3*b = -d + 2 - 0. What is g(b)?
4
Let b(w) = w - 7. Let f be b(9). Let g(r) = -5 + 2*r**f + 1 + r + 0*r + 3. Determine g(1).
2
Let i(s) = s**2 + 5*s + 2. Let r = 172 + -175. Determine i(r).
-4
Let y(b) = -4*b**2 + 4*b - 3. Let l(z) = 5*z**2 - 5*z + 4. Let g(q) = 2*l(q) + 3*y(q). Let w(a) = -2*a + 7. Let c be w(5). Let i be c*2/(-6)*1. Give g(i).
-1
Suppose -3*h = 3*x - 3, -3*h = -h - x - 5. Let g(k) be the first derivative of 2*k - 2 - 11*k + h*k - k**2. What is g(-5)?
3
Let j = -2 - -1. Let s(v) = -2*v**2 + 26 - v**2 - 27 + 4*v**2. Give s(j).
0
Let q(r) be the third derivative of r**4/24 - r**3/3 + 10*r**2. What is q(2)?
0
Let h(n) be the first derivative of -3*n**2 - 1. Let l(f) = -f**2 - 3*f + 13. Let m(c) = -c - 1. Let t(d) = l(d) + 4*m(d). Let z be t(-8). What is h(z)?
-6
Let l be ((-12)/(-14))/(45/210). Let p(z) = z**2 - 5*z + 3*z**2 + z**2 + 4 - z**3. Determine p(l).
0
Let j = -27 + 30. Let f(s) be the third derivative of -2*s**2 + 0*s**3 + 0*s + 1/12*s**4 + 0. What is f(j)?
6
Let a(v) = -v**2 + 3*v + v - 4*v + 2 - 4*v. Calculate a(-5).
-3
Let i be (-2)/9 + 141/27. Let v = 7 + -5. Let j(a) = -2*a**2 + 7*a**2 - a**3 - 6*a + a**v - 1. Calculate j(i).
-6
Let z be -2*(1 - -1) + -2. Let o(s) be the first derivative of s**3/3 + 7*s**2/2 + 8*s + 75. Determine o(z).
2
Let a(w) = -w. Let l be (3 - 9/4)*-20. Let n = l + 14. Determine a(n).
1
Let y(m) = 0*m + 1 + 2*m + 19*m**2 - 5*m**2. Give y(-1).
13
Let v(g) = g**2 + 6*g + 1. Let r(k) = 2*k - 3. Let t be r(0). Let d(z) = -z**2 - 6*z - 2. Let j(c) = t*d(c) - 4*v(c). Give j(-5).
7
Let n(l) = l**2 - l - 1. Let m(h) = -3*h**2 + 2*h + 5. Let v(t) = m(t) + 2*n(t). Let w = -2 + 4. Suppose w*q + 2*p + 4 = 0, 7 + 3 = -2*p. What is v(q)?
-6
Let f(x) = 1. Let v(s) = -9*s + 5. Let a(y) = y. Let b(c) = 5*a(c) + v(c). Let q(m) = -b(m) + 2*f(m). What is q(2)?
5
Suppose 6*g + 10 = 8*g. Let y(l) = -5*l**2 - 1 + l**3 + 2 - 2*l + 1. Calculate y(g).
-8
Suppose 25 = 5*h + 2*f - 35, -3*f = 3*h - 27. Let v(u) = -14 + h + 4*u**2 - 3*u + u**3 - 8*u**2. Determine v(4).
-12
Let f(h) be the third derivative of -h**6/120 - h**5/12 + 7*h**4/24 + h**3/2 - 59*h**2. Suppose 31 = -5*l - d, l + 0*l + 5*d = -11. Give f(l).
-3
Let n(q) = -2*q. Let b(k) = k. Let f(l) = 5*b(l) + 2*n(l). Determine f(2).
2
Let k(j) = -3*j**2 + 0*j - j**3 + 2*j**3 - 5*j + 1. Suppose 7*d - 4 = 3*d. Let c be 24/4 + (-2)/d. Give k(c).
-3
Let v(y) = -y**2 - 6*y + 12. Let o be v(-7). Let c(q) = -q**3 + 6*q**2 - 4*q - 5. What is c(o)?
0
Let r(n) = n**3 + n**2 + n - 2*n - 7*n**2 - 7 - 2*n**3. Let j be r(-6). Let w(m) = 2*m - 1. What is w(j)?
-3
Let u(i) be the second derivative of i**5/20 + i**4/4 + i**3/6 - 2*i**2 + i. What is u(-3)?
-7
Let q be 98/10 - (-1)/5. Suppose q = -3*a + 4*z, -7*z + 4*z = a - 1. Let r(u) = -2*u**